2 - 4*z + 1. Let f be 4 - (-7)/(21/(-6)). Suppose 9 + 9 = -4*a + 2*n, f*a = 2*n - 12. Calculate the remainder when g(a) is divided by 5.
2
Suppose 0 = 4*a - 2*s - 34, -4 = 7*s + 3. Suppose -4*x = -248 + 68. What is the remainder when x is divided by a?
5
Suppose 0 = 5*i + 5*w + 5, 16 = -2*w + 6. Suppose y + 3*j + j = -i, 0 = -y + 3*j + 31. What is the remainder when 31 is divided by y?
15
Suppose 0 = -7*b + 2*b + 1155. Suppose -2*x + 6*x + s - 308 = 0, -3*s = 3*x - b. What is the remainder when x is divided by 20?
17
Let w = -2999 - -3048. What is the remainder when 1175 is divided by w?
48
Let q(i) = 3*i**2 + 76*i - 252. What is the remainder when q(-55) is divided by 43?
42
Let x = -112 + 337. Let k = x + -182. Calculate the remainder when k is divided by 5.
3
Suppose 2*i + j - 348 = -3*j, -4*j + 12 = 0. Suppose 0 = -2*g - 3*l + 74, 0*l - i = -5*g + l. Let q = 5220 - 5201. What is the remainder when g is divided by q?
15
Let w(c) = 18*c - 44. Let y be w(4). Suppose -35*h + y*h + 1169 = 0. What is the remainder when h is divided by 12?
11
Let g = -100 + 143. Suppose 2*p - 50 = -3*c, -3*p + 10 = -c - g. Calculate the remainder when p is divided by 5.
4
Let w = 3065 + -3021. What is the remainder when 210 is divided by w?
34
Suppose -9*n + 2*n = 0. Suppose n*i - 400 = 8*i. Let a = -48 - i. What is the remainder when 17 is divided by a?
1
Let l be 1/(-1*1/(-59)). Suppose -4*b = 4*x - 88, 2*x + 5 = -4*b + l. What is the remainder when x is divided by 5?
2
Let s be (0/3 - 4) + -1. Let r(f) = -f**2 - 6*f + 2. Suppose -1370*y - 28 = -1374*y. Calculate the remainder when r(s) is divided by y.
0
Calculate the remainder when 205 is divided by 122 - 121/(-66)*-6.
94
Suppose n - 11*n - 68 = -44*n. Suppose 3*u - 3*k - 44 = 5*u, -4*u = 5*k + 88. Calculate the remainder when u/(-3) - 6/(-9) is divided by n.
0
Suppose -4*f - 143 = 5*b - 921, 2*f = -4*b + 380. Calculate the remainder when f is divided by 66.
4
Suppose 430 = 2*r + 3*v - 17, 2*v = 4*r - 870. Calculate the remainder when r is divided by (2 + 0)/(8/220).
54
Suppose -33*i = -22383 - 13620. What is the remainder when i is divided by 12?
11
Suppose 0 = 2*u - 50 + 46. Suppose -4*s + 124 = -u*s. Suppose 0*h - 2*c - 211 = -3*h, -h - c = -s. What is the remainder when h is divided by 17?
16
Let w = -43 + 45. Suppose -5*n + 0*a + 2*a = -85, w*n = a + 35. What is the remainder when 119 is divided by n?
14
Suppose -2*f + 50 = -2*t, -8*f - 121 = 4*t - 369. Calculate the remainder when 328 is divided by f.
9
Let m = -2754 + 3073. What is the remainder when m is divided by 43?
18
Let m be 0/((-4)/(-1 - -5)). Suppose m*x + 11*x - 132 = 0. Calculate the remainder when 35 is divided by x.
11
Let f = -268 + 566. What is the remainder when f is divided by 91?
25
Let l = -346 + 1202. What is the remainder when l is divided by 285?
1
Let j(q) = -10*q - 141. Suppose -344 = 36*t + 304. What is the remainder when 194 is divided by j(t)?
38
Suppose 2*u + 0*y - 2*y - 74 = 0, -5*u + y = -201. Calculate the remainder when u is divided by (-1)/(-2)*(-5 - (12 - 25)).
1
Let q be -2 + 1 + 3/(-6)*6. What is the remainder when ((-71)/q)/(7/(-140)*-5) is divided by (-4)/(-6) + 312/18?
17
Suppose -5*f + 11 = -4, 5*t = 5*f + 5. Suppose 8 = 3*z - z - 4*b, -3*b = -t*z + 16. Calculate the remainder when (z*(-1)/10)/(3/(-750)) is divided by 17.
15
Let n(h) = -2 - 10 + 9*h - 1 + 3 - 6. What is the remainder when n(4) is divided by 7?
6
Suppose 8*y - 11*y + 2608 = 5*y. What is the remainder when y is divided by 31?
16
Let i be (-6743)/(-143) - (-4)/(-26). Let q = 98 - i. Suppose -19 = -2*v + 33. What is the remainder when q is divided by v?
25
Let c(o) = -o**3 - 31*o**2 - 159*o - 102. What is the remainder when 559 is divided by c(-25)?
67
Suppose 0 = 17*c - 5*i - 13594 - 8188, -2*c = 4*i - 2558. Calculate the remainder when c is divided by 314.
25
Let q(k) = -33*k**3 + 34 + 3*k + 34*k**3 + k**2 - 4*k**2. Calculate the remainder when q(0) is divided by 4.
2
Suppose -3*n + 52 = 5*r + 22, -4*n + 8 = -4*r. Let q(a) = 18*a - 51. Calculate the remainder when 37 is divided by q(r).
1
Let a(n) = 56 - 39*n + 20*n**2 + n**3 + 95*n - 50*n - 27*n. Calculate the remainder when 132 is divided by a(-21).
20
Suppose -31*b + 131*b + 86*b = 14508. What is the remainder when 259 is divided by b?
25
Let g = -7647 - -7723. Calculate the remainder when 465 is divided by g.
9
Suppose n - 5*t - 479 = 0, -3*t = -44*n + 46*n - 971. Calculate the remainder when n is divided by 27.
25
Suppose -222 = 65*d - 2822. Let n be (1 - (-2 - 0)) + 471. Suppose -2*y = -5*y + n. Calculate the remainder when y is divided by d.
38
Suppose a + 66*m - 6 = 63*m, -2*m - 52 = -4*a. Let f = -215 + 260. What is the remainder when f is divided by a?
9
Suppose -76*w - 148*w + 16235 = -40213. Calculate the remainder when 514 is divided by w.
10
Let t = -147 - -217. Let b = t - 61. Calculate the remainder when (-65)/(-25) + 2/5 + 10 is divided by b.
4
Suppose -4*q + 60 = -z, 2*q = q + 2*z + 15. Calculate the remainder when 1 - 2/(12/(-285))*112/20 is divided by q.
12
Suppose 0 = 3*n - 4*w + 107, -2*n + 4*w - 26 = 40. Let p = n + 66. What is the remainder when p is divided by (-80)/(-6) - 16/48?
12
Let x(n) = n**3 + 34*n**2 - 37*n - 41. What is the remainder when 90 is divided by x(-35)?
3
Suppose 53*f = 44*f + 1026. Calculate the remainder when 336 is divided by f.
108
Suppose -40 = -r + 5*m + 10, -4*r - 2*m = -178. Calculate the remainder when 1549 is divided by r.
19
Let b = 24086 - 22462. What is the remainder when b is divided by 48?
40
Let u(g) = 538*g + 2716. What is the remainder when (3 + 39)*(6 - 3) is divided by u(-5)?
22
Let o be 6*(1911/(-13) - (-1 - 3)). Let t = 1196 + o. What is the remainder when t is divided by 49?
44
Suppose -10*i + 232 = 112. Let c = -82 + 212. Calculate the remainder when c is divided by i.
10
Suppose b + z = 2*b + 2, 0 = z - 3. Let w(c) = 184*c**2 - 4*c + 1. Calculate the remainder when w(b) is divided by 37.
33
Let q be 13*((-4)/(-8) + -1)*-8. Let x = 57 - q. Suppose -3 = -5*k + 4*k. Calculate the remainder when x is divided by k.
2
Suppose -3*n + 30 = -0. Let z = 69 - n. Calculate the remainder when z is divided by 12.
11
Let w(h) = h**2 + 28*h - 604. Calculate the remainder when w(-43) is divided by 356/22 + (-2)/11.
9
Suppose -63 = 4*f - 7*f. Suppose y = 75 + 136. Let s = y + -150. What is the remainder when s is divided by f?
19
Calculate the remainder when 3*1*-1 - -188*(-14)/(-56) is divided by 40.
4
Let d = -27 + 34. Suppose 4*v - 64 = -20. Suppose -2*l + v = d. What is the remainder when 3 is divided by l?
1
Suppose 65*o + 747 = 3477. Calculate the remainder when 221 is divided by o.
11
Suppose 32*n = 8*n + 663 - 15. Calculate the remainder when 818 is divided by n.
8
Let y be (-62 - 12/4)*(-2)/5. Let b = 6 + y. Calculate the remainder when 84 is divided by b.
20
Let z(c) = 180*c - 414. What is the remainder when z(4) is divided by 31?
27
Let m(n) be the second derivative of 22*n**3/3 - n**2 - 3*n - 1. Calculate the remainder when m(2) is divided by 9.
5
What is the remainder when 4*(-4491)/90*-5*1 is divided by 204?
182
Let o = 1885 + -630. What is the remainder when o is divided by 23?
13
Suppose 5*m + 1933 - 1943 = 0. Suppose v - 18 = -0*v. Let a = v + m. Calculate the remainder when a is divided by 11.
9
Let i(p) = -21*p + p**2 - p + 31 + 7*p. Let u be i(13). Suppose 117 - 327 = -u*x. What is the remainder when x is divided by 11?
9
Suppose -21*o = -67 - 374. What is the remainder when o is divided by 13?
8
Let g(t) = t**2 + 9*t + 2. Calculate the remainder when g(8) is divided by 34/2 - 6*9/(-18).
18
Let f(r) be the second derivative of 5*r**3/6 - 7*r**2 + 63*r. What is the remainder when f(18) is divided by 1/(-2) + 54/4?
11
Let g be 504/(-10) - (-5 - (-230)/50). Let l = 85 + g. Calculate the remainder when 102 is divided by l.
32
Let f = 61 + -39. Suppose 5*c + 7*t - 34 = 5*t, 3*c - 5*t = 39. What is the remainder when f is divided by c?
6
Let x = 5158 + -4792. What is the remainder when x is divided by 37?
33
Calculate the remainder when 401 is divided by (-3 - (24*-1)/(-8)) + 39.
5
Let w(t) = t**2 - 20*t - 46. Calculate the remainder when w(-15) is divided by 22.
17
Let h be (-1935)/(-9) - -1*(-3 + 2). Let k = 219 - h. What is th